{"id":3134,"date":"2023-10-24T07:56:08","date_gmt":"2023-10-24T07:56:08","guid":{"rendered":"https:\/\/prophysique.qodeinteractive.com\/?page_id=3134"},"modified":"2026-01-19T00:08:29","modified_gmt":"2026-01-19T00:08:29","slug":"kontakt","status":"publish","type":"page","link":"https:\/\/proactivityfizio.com\/?page_id=3134","title":{"rendered":"Kontakt"},"content":{"rendered":"\t\t<div data-elementor-type=\"wp-page\" data-elementor-id=\"3134\" class=\"elementor elementor-3134\">\n\t\t\t\t<div class=\"elementor-element elementor-element-7ea385e e-con-full qodef-elementor-content-grid e-flex e-con e-parent\" data-id=\"7ea385e\" data-element_type=\"container\">\n\t\t<div class=\"elementor-element elementor-element-5f5ad74 e-con-full e-flex e-con e-child\" data-id=\"5f5ad74\" data-element_type=\"container\">\n\t\t\t\t<div class=\"elementor-element elementor-element-96c73f8 elementor-widget elementor-widget-prophysique_core_section_title\" data-id=\"96c73f8\" data-element_type=\"widget\" data-widget_type=\"prophysique_core_section_title.default\">\n\t\t\t\t<div class=\"elementor-widget-container\">\n\t\t\t\t\t<div class=\"qodef-shortcode qodef-m  qodef-section-title qodef-alignment--left \">\n\t\t\t\t<h2 class=\"qodef-m-title\" >\n\t\tKontaktirajte nas i zapo\u010dnite svoj put ka oporavku!\t<\/h2>\n\t\t<p class=\"qodef-m-text\" style=\"margin-top: 18px\">U srcu Vra\u010dara nudimo vam terapije koje smanjuju bol, obnavljaju pokretljivost i vra\u0107aju harmoniju va\u0161em telu i umu, uz stru\u010dnu podr\u0161ku i posve\u0107enost svakom pacijentu.<\/p>\n\t<\/div>\n\t\t\t\t<\/div>\n\t\t\t\t<\/div>\n\t\t\t\t<div class=\"elementor-element elementor-element-d874b45 elementor-widget elementor-widget-prophysique_core_icon_list_item\" data-id=\"d874b45\" data-element_type=\"widget\" data-widget_type=\"prophysique_core_icon_list_item.default\">\n\t\t\t\t<div class=\"elementor-widget-container\">\n\t\t\t\t\t<div class=\"qodef-icon-list-item qodef-icon--custom-icon\" >\n\t<h6 class=\"qodef-e-title\" >\n\t\t\t\t\t<a itemprop=\"url\" href=\"tel:+%20381%20642744017\" target=\"_self\">\n\t\t\t\t\t<span class=\"qodef-e-title-inner\">\n\t\t\t\t<img decoding=\"async\" width=\"38\" height=\"38\" src=\"https:\/\/proactivityfizio.com\/wp-content\/uploads\/2025\/09\/fizio-contact-1-1.png\" class=\"attachment-full size-full\" alt=\"\" \/>\t\t\t\t<span class=\"qodef-e-title-text\">+ 381 642744017<\/span>\n\t\t\t<\/span>\n\t\t\t\t\t<\/a>\n\t\t\t<\/h6>\n<\/div>\n\t\t\t\t<\/div>\n\t\t\t\t<\/div>\n\t\t\t\t<div class=\"elementor-element elementor-element-0e322f8 elementor-widget elementor-widget-prophysique_core_icon_list_item\" data-id=\"0e322f8\" data-element_type=\"widget\" data-widget_type=\"prophysique_core_icon_list_item.default\">\n\t\t\t\t<div class=\"elementor-widget-container\">\n\t\t\t\t\t<div class=\"qodef-icon-list-item qodef-icon--custom-icon\" >\n\t<h6 class=\"qodef-e-title\" >\n\t\t\t\t\t<a itemprop=\"url\" href=\"mailto:proactivity2025@gmail.com\" target=\"_blank\">\n\t\t\t\t\t<span class=\"qodef-e-title-inner\">\n\t\t\t\t<img decoding=\"async\" width=\"38\" height=\"38\" src=\"https:\/\/proactivityfizio.com\/wp-content\/uploads\/2025\/09\/fizio-contact-2.png\" class=\"attachment-full size-full\" alt=\"a\" \/>\t\t\t\t<span class=\"qodef-e-title-text\">proactivity2025@gmail.com<\/span>\n\t\t\t<\/span>\n\t\t\t\t\t<\/a>\n\t\t\t<\/h6>\n<\/div>\n\t\t\t\t<\/div>\n\t\t\t\t<\/div>\n\t\t\t\t<div class=\"elementor-element elementor-element-d2737ac elementor-widget elementor-widget-prophysique_core_icon_list_item\" data-id=\"d2737ac\" data-element_type=\"widget\" data-widget_type=\"prophysique_core_icon_list_item.default\">\n\t\t\t\t<div class=\"elementor-widget-container\">\n\t\t\t\t\t<div class=\"qodef-icon-list-item qodef-icon--custom-icon\" >\n\t<h6 class=\"qodef-e-title\" >\n\t\t\t\t\t<a itemprop=\"url\" href=\"https:\/\/www.google.com\/maps\/place\/%D0%91%D1%80%D0%B0%D1%9B%D0%B5+%D0%9D%D0%B5%D0%B4%D0%B8%D1%9B+24,+%D0%91%D0%B5%D0%BE%D0%B3%D1%80%D0%B0%D0%B4+11000\/data=!4m2!3m1!1s0x475a7aa10039361f:0xd329a77ffd75e715?sa=X&#038;ved=1t:242&#038;ictx=111\" target=\"_blank\">\n\t\t\t\t\t<span class=\"qodef-e-title-inner\">\n\t\t\t\t<img decoding=\"async\" width=\"38\" height=\"38\" src=\"https:\/\/proactivityfizio.com\/wp-content\/uploads\/2025\/09\/fizio-contact-3.png\" class=\"attachment-full size-full\" alt=\"\" \/>\t\t\t\t<span class=\"qodef-e-title-text\">Bra\u0107e Nedi\u0107 24, Vra\u010dar, Beograd<\/span>\n\t\t\t<\/span>\n\t\t\t\t\t<\/a>\n\t\t\t<\/h6>\n<\/div>\n\t\t\t\t<\/div>\n\t\t\t\t<\/div>\n\t\t\t\t<\/div>\n\t\t<div class=\"elementor-element elementor-element-47b628c e-con-full e-flex e-con e-child\" data-id=\"47b628c\" data-element_type=\"container\">\n\t\t\t\t<div class=\"elementor-element elementor-element-571a820 elementor-widget elementor-widget-wp-widget-prophysique_core_contact_form_7\" data-id=\"571a820\" data-element_type=\"widget\" data-widget_type=\"wp-widget-prophysique_core_contact_form_7.default\">\n\t\t\t\t<div class=\"elementor-widget-container\">\n\t\t\t\t\t\t\t\t<div class=\"qodef-contact-form-7\">\n\t\t\t\t\n<div class=\"wpcf7 no-js\" id=\"wpcf7-f582-o1\" lang=\"en-US\" dir=\"ltr\" data-wpcf7-id=\"582\">\n<div class=\"screen-reader-response\"><p role=\"status\" aria-live=\"polite\" aria-atomic=\"true\"><\/p> <ul><\/ul><\/div>\n<form action=\"\/index.php?rest_route=%2Fwp%2Fv2%2Fpages%2F3134#wpcf7-f582-o1\" method=\"post\" class=\"wpcf7-form init demo\" aria-label=\"Contact form\" novalidate=\"novalidate\" data-status=\"init\">\n<fieldset class=\"hidden-fields-container\"><input type=\"hidden\" name=\"_wpcf7\" value=\"582\" \/><input type=\"hidden\" name=\"_wpcf7_version\" value=\"6.1.2\" \/><input type=\"hidden\" name=\"_wpcf7_locale\" value=\"en_US\" \/><input type=\"hidden\" name=\"_wpcf7_unit_tag\" value=\"wpcf7-f582-o1\" \/><input type=\"hidden\" name=\"_wpcf7_container_post\" value=\"0\" \/><input type=\"hidden\" name=\"_wpcf7_posted_data_hash\" value=\"\" \/>\n<\/fieldset>\n<div class=\"qodef--contact-form\">\n<div class=\"qodef-m-wrapper\">\n<span class=\"wpcf7-form-control-wrap\" data-name=\"your-name\"><input size=\"40\" maxlength=\"400\" class=\"wpcf7-form-control wpcf7-text wpcf7-validates-as-required\" aria-required=\"true\" aria-invalid=\"false\" placeholder=\"Ime\" value=\"\" type=\"text\" name=\"your-name\" \/><\/span>\n<\/div>\n<div class=\"qodef-m-wrapper\">\n<span class=\"wpcf7-form-control-wrap\" data-name=\"your-email\"><input size=\"40\" maxlength=\"400\" class=\"wpcf7-form-control wpcf7-email wpcf7-validates-as-required wpcf7-text wpcf7-validates-as-email\" aria-required=\"true\" aria-invalid=\"false\" placeholder=\"Prezime\" value=\"\" type=\"email\" name=\"your-email\" \/><\/span>\n<\/div>\n<div class=\"qodef-m-wrapper\">\n<span class=\"wpcf7-form-control-wrap\" data-name=\"your-message\"><textarea cols=\"40\" rows=\"5\" maxlength=\"2000\" class=\"wpcf7-form-control wpcf7-textarea wpcf7-validates-as-required\" aria-required=\"true\" aria-invalid=\"false\" placeholder=\"Va\u0161a poruka\" name=\"your-message\"><\/textarea><\/span>\n<\/div>\n<div class=\"qodef-m-wrapper qodef--button-wrapper\">\n<button class=\"wpcf7-form-control wpcf7-submit qodef-button qodef-size--normal qodef-layout--filled qodef-m\" type=\"submit\"><span class=\"qodef-m-text\">Po\u0161alji<\/span><\/button>\n<\/div>\n<\/div><div class=\"wpcf7-response-output\" aria-hidden=\"true\"><\/div>\n<\/form>\n<\/div>\n\t\t\t<\/div>\n\t\t\t\t\t\t\t<\/div>\n\t\t\t\t<\/div>\n\t\t\t\t<\/div>\n\t\t\t\t<\/div>\n\t\t\t\t<\/div>\n\t\t","protected":false},"excerpt":{"rendered":"<p>Kontaktirajte nas i zapo\u010dnite svoj put ka oporavku! U srcu Vra\u010dara nudimo vam terapije koje smanjuju bol, obnavljaju pokretljivost i vra\u0107aju harmoniju va\u0161em telu i umu, uz stru\u010dnu podr\u0161ku i posve\u0107enost svakom pacijentu. + 381 642744017 proactivity2025@gmail.com Bra\u0107e Nedi\u0107 24, Vra\u010dar, Beograd<\/p>\n","protected":false},"author":2,"featured_media":0,"parent":0,"menu_order":0,"comment_status":"closed","ping_status":"closed","template":"page-full-width.php","meta":{"footnotes":""},"class_list":["post-3134","page","type-page","status-publish","hentry"],"yoast_head":"<!-- This site is optimized with the Yoast SEO plugin v26.6 - https:\/\/yoast.com\/wordpress\/plugins\/seo\/ -->\n<title>Kontaktirajte nas! | Pro Activity Fizio<\/title>\n<meta name=\"robots\" content=\"index, follow, max-snippet:-1, max-image-preview:large, max-video-preview:-1\" \/>\n<link rel=\"canonical\" href=\"https:\/\/proactivityfizio.com\/?page_id=3134\" \/>\n<meta property=\"og:locale\" content=\"en_US\" \/>\n<meta property=\"og:type\" content=\"article\" \/>\n<meta property=\"og:title\" content=\"Kontaktirajte nas! | Pro Activity Fizio\" \/>\n<meta property=\"og:description\" content=\"Kontaktirajte nas i zapo\u010dnite svoj put ka oporavku! U srcu Vra\u010dara nudimo vam terapije koje smanjuju bol, obnavljaju pokretljivost i vra\u0107aju harmoniju va\u0161em telu i umu, uz stru\u010dnu podr\u0161ku i posve\u0107enost svakom pacijentu. + 381 642744017 proactivity2025@gmail.com Bra\u0107e Nedi\u0107 24, Vra\u010dar, Beograd\" \/>\n<meta property=\"og:url\" content=\"https:\/\/proactivityfizio.com\/?page_id=3134\" \/>\n<meta property=\"og:site_name\" content=\"Pro Activity Fizio\" \/>\n<meta property=\"article:modified_time\" content=\"2026-01-19T00:08:29+00:00\" \/>\n<meta property=\"og:image\" content=\"https:\/\/proactivityfizio.com\/wp-content\/uploads\/2025\/09\/fizio-contact-1-1.png\" \/>\n<meta name=\"twitter:card\" content=\"summary_large_image\" \/>\n<meta name=\"twitter:label1\" content=\"Est. reading time\" \/>\n\t<meta name=\"twitter:data1\" content=\"1 minute\" \/>\n<script type=\"application\/ld+json\" class=\"yoast-schema-graph\">{\"@context\":\"https:\/\/schema.org\",\"@graph\":[{\"@type\":\"WebPage\",\"@id\":\"https:\/\/proactivityfizio.com\/?page_id=3134\",\"url\":\"https:\/\/proactivityfizio.com\/?page_id=3134\",\"name\":\"Kontaktirajte nas! | Pro Activity Fizio\",\"isPartOf\":{\"@id\":\"https:\/\/proactivityfizio.com\/#website\"},\"primaryImageOfPage\":{\"@id\":\"https:\/\/proactivityfizio.com\/?page_id=3134#primaryimage\"},\"image\":{\"@id\":\"https:\/\/proactivityfizio.com\/?page_id=3134#primaryimage\"},\"thumbnailUrl\":\"https:\/\/proactivityfizio.com\/wp-content\/uploads\/2025\/09\/fizio-contact-1-1.png\",\"datePublished\":\"2023-10-24T07:56:08+00:00\",\"dateModified\":\"2026-01-19T00:08:29+00:00\",\"breadcrumb\":{\"@id\":\"https:\/\/proactivityfizio.com\/?page_id=3134#breadcrumb\"},\"inLanguage\":\"en-US\",\"potentialAction\":[{\"@type\":\"ReadAction\",\"target\":[\"https:\/\/proactivityfizio.com\/?page_id=3134\"]}]},{\"@type\":\"ImageObject\",\"inLanguage\":\"en-US\",\"@id\":\"https:\/\/proactivityfizio.com\/?page_id=3134#primaryimage\",\"url\":\"https:\/\/proactivityfizio.com\/wp-content\/uploads\/2025\/09\/fizio-contact-1-1.png\",\"contentUrl\":\"https:\/\/proactivityfizio.com\/wp-content\/uploads\/2025\/09\/fizio-contact-1-1.png\",\"width\":38,\"height\":38},{\"@type\":\"BreadcrumbList\",\"@id\":\"https:\/\/proactivityfizio.com\/?page_id=3134#breadcrumb\",\"itemListElement\":[{\"@type\":\"ListItem\",\"position\":1,\"name\":\"Home\",\"item\":\"https:\/\/proactivityfizio.com\/\"},{\"@type\":\"ListItem\",\"position\":2,\"name\":\"Kontakt\"}]},{\"@type\":\"WebSite\",\"@id\":\"https:\/\/proactivityfizio.com\/#website\",\"url\":\"https:\/\/proactivityfizio.com\/\",\"name\":\"Pro Activity Fizio\",\"description\":\"Fizio Centar\",\"potentialAction\":[{\"@type\":\"SearchAction\",\"target\":{\"@type\":\"EntryPoint\",\"urlTemplate\":\"https:\/\/proactivityfizio.com\/?s={search_term_string}\"},\"query-input\":{\"@type\":\"PropertyValueSpecification\",\"valueRequired\":true,\"valueName\":\"search_term_string\"}}],\"inLanguage\":\"en-US\"}]}<\/script>\n<!-- \/ Yoast SEO plugin. -->","yoast_head_json":{"title":"Kontaktirajte nas! | Pro Activity Fizio","robots":{"index":"index","follow":"follow","max-snippet":"max-snippet:-1","max-image-preview":"max-image-preview:large","max-video-preview":"max-video-preview:-1"},"canonical":"https:\/\/proactivityfizio.com\/?page_id=3134","og_locale":"en_US","og_type":"article","og_title":"Kontaktirajte nas! | Pro Activity Fizio","og_description":"Kontaktirajte nas i zapo\u010dnite svoj put ka oporavku! U srcu Vra\u010dara nudimo vam terapije koje smanjuju bol, obnavljaju pokretljivost i vra\u0107aju harmoniju va\u0161em telu i umu, uz stru\u010dnu podr\u0161ku i posve\u0107enost svakom pacijentu. + 381 642744017 proactivity2025@gmail.com Bra\u0107e Nedi\u0107 24, Vra\u010dar, Beograd","og_url":"https:\/\/proactivityfizio.com\/?page_id=3134","og_site_name":"Pro Activity Fizio","article_modified_time":"2026-01-19T00:08:29+00:00","og_image":[{"url":"https:\/\/proactivityfizio.com\/wp-content\/uploads\/2025\/09\/fizio-contact-1-1.png","type":"","width":"","height":""}],"twitter_card":"summary_large_image","twitter_misc":{"Est. reading time":"1 minute"},"schema":{"@context":"https:\/\/schema.org","@graph":[{"@type":"WebPage","@id":"https:\/\/proactivityfizio.com\/?page_id=3134","url":"https:\/\/proactivityfizio.com\/?page_id=3134","name":"Kontaktirajte nas! | Pro Activity Fizio","isPartOf":{"@id":"https:\/\/proactivityfizio.com\/#website"},"primaryImageOfPage":{"@id":"https:\/\/proactivityfizio.com\/?page_id=3134#primaryimage"},"image":{"@id":"https:\/\/proactivityfizio.com\/?page_id=3134#primaryimage"},"thumbnailUrl":"https:\/\/proactivityfizio.com\/wp-content\/uploads\/2025\/09\/fizio-contact-1-1.png","datePublished":"2023-10-24T07:56:08+00:00","dateModified":"2026-01-19T00:08:29+00:00","breadcrumb":{"@id":"https:\/\/proactivityfizio.com\/?page_id=3134#breadcrumb"},"inLanguage":"en-US","potentialAction":[{"@type":"ReadAction","target":["https:\/\/proactivityfizio.com\/?page_id=3134"]}]},{"@type":"ImageObject","inLanguage":"en-US","@id":"https:\/\/proactivityfizio.com\/?page_id=3134#primaryimage","url":"https:\/\/proactivityfizio.com\/wp-content\/uploads\/2025\/09\/fizio-contact-1-1.png","contentUrl":"https:\/\/proactivityfizio.com\/wp-content\/uploads\/2025\/09\/fizio-contact-1-1.png","width":38,"height":38},{"@type":"BreadcrumbList","@id":"https:\/\/proactivityfizio.com\/?page_id=3134#breadcrumb","itemListElement":[{"@type":"ListItem","position":1,"name":"Home","item":"https:\/\/proactivityfizio.com\/"},{"@type":"ListItem","position":2,"name":"Kontakt"}]},{"@type":"WebSite","@id":"https:\/\/proactivityfizio.com\/#website","url":"https:\/\/proactivityfizio.com\/","name":"Pro Activity Fizio","description":"Fizio Centar","potentialAction":[{"@type":"SearchAction","target":{"@type":"EntryPoint","urlTemplate":"https:\/\/proactivityfizio.com\/?s={search_term_string}"},"query-input":{"@type":"PropertyValueSpecification","valueRequired":true,"valueName":"search_term_string"}}],"inLanguage":"en-US"}]}},"_links":{"self":[{"href":"https:\/\/proactivityfizio.com\/index.php?rest_route=\/wp\/v2\/pages\/3134","targetHints":{"allow":["GET"]}}],"collection":[{"href":"https:\/\/proactivityfizio.com\/index.php?rest_route=\/wp\/v2\/pages"}],"about":[{"href":"https:\/\/proactivityfizio.com\/index.php?rest_route=\/wp\/v2\/types\/page"}],"author":[{"embeddable":true,"href":"https:\/\/proactivityfizio.com\/index.php?rest_route=\/wp\/v2\/users\/2"}],"replies":[{"embeddable":true,"href":"https:\/\/proactivityfizio.com\/index.php?rest_route=%2Fwp%2Fv2%2Fcomments&post=3134"}],"version-history":[{"count":20,"href":"https:\/\/proactivityfizio.com\/index.php?rest_route=\/wp\/v2\/pages\/3134\/revisions"}],"predecessor-version":[{"id":10773,"href":"https:\/\/proactivityfizio.com\/index.php?rest_route=\/wp\/v2\/pages\/3134\/revisions\/10773"}],"wp:attachment":[{"href":"https:\/\/proactivityfizio.com\/index.php?rest_route=%2Fwp%2Fv2%2Fmedia&parent=3134"}],"curies":[{"name":"wp","href":"https:\/\/api.w.org\/{rel}","templated":true}]}}